 is x(s)?
-10
Let h be (-28 + 10)*(-3)/(-9). Let t(x) = 2*x**2 + 2*x - 8. Give t(h).
52
Let z = 5435 + -5397. Let t(j) = -7*j + 267. What is t(z)?
1
Let f be 2*-3 - 77/(-165)*-15. Let q(k) = 2*k**3 + 26*k**2 + 2*k + 18. Calculate q(f).
-8
Let c(w) be the first derivative of 6*w - 52 + 3/2*w**2. Determine c(-6).
-12
Let h(c) = c**2 + 4*c - 2. Let b(g) = -2*g**2 + g + 2. Suppose 23*r = 2 + 21. Let k(y) = r*b(y) + h(y). Determine k(4).
4
Let z(v) = -2*v - 7081. Let f(p) = p + 4045. Let r(g) = -7*f(g) - 4*z(g). Suppose 3*i - u + 28 = 0, -2*i - 52 = 2*i - 5*u. Determine r(i).
1
Let z(y) = -y + 8. Let i(c) = -c + 7. Let b(u) = -5*i(u) + 4*z(u). Suppose 0 = h + 2*q + 133, 0 = q - 4 + 6. Let p = h - -129. Determine b(p).
-3
Let k(v) = -v**3 - 12*v**2 - 10*v + 14. Suppose -3 = -3*b, -3*s + 0*b + 4*b = -710. Let t be (-2)/(-6) - s/21. Let h be k(t). Let j(g) = -g**2 + 4. Give j(h).
-5
Let q(u) = -2*u - 5. Suppose 6 + 4 = 2*b - 8*t, 5*b - 41 = 4*t. Give q(b).
-23
Let x(a) = 13*a + 9. Let y be 3/9 + (-6 - -3) + (-8)/(-3). Give x(y).
9
Let m(d) = -d**3 - 7*d**2 - 7*d - 7. Let u be m(-6). Let q(w) be the third derivative of 4 - 1/24*w**4 + 0*w + 1/6*w**3 + 16*w**2. Give q(u).
2
Let u(g) = -g**3 - 9*g**2 + 8*g - 23. Let q be u(-10). Let k be q + (15 - -4) + -3. Suppose 0 = -16*o + k*o + 12. Let d(v) = -v - 1. Determine d(o).
-5
Suppose 0*i + 3*u = 2*i + 20, -3*u = -i - 16. Let x be -8 - (-1 + (i - (-4)/1)). Let n(t) = t**2 + 5*t + 7. What is n(x)?
21
Let j(l) = -13*l + 11*l**3 + 1 + 29*l - 13*l - 2*l. Let s be -1*(2 + (-3)/1). Let q be s - (1 + 0 + 1). Determine j(q).
-11
Suppose 5*s - 25 = -5*w, 52*s - 30 = 53*s - 4*w. Let g(t) = 12*t**2 - 6*t - 7. Determine g(s).
53
Let j(t) = -93*t**3 - 3*t**2 + 34*t - 14. Let g(u) = 32*u**3 + u**2 - 12*u + 5. Let m(h) = -17*g(h) - 6*j(h). Calculate m(-1).
-14
Let n(s) = 24*s**2 + s. Let b be 188/141*6/2. Suppose 166*l - b = 162*l. Give n(l).
25
Let a(n) = n - 2*n - 2 - 3. Let f be ((-42)/(-12))/(91/26) - 8. Calculate a(f).
2
Let m(d) = -60*d + 3*d + 43 + 2*d + 20*d + 11*d. Determine m(2).
-5
Let x be 0*(-2)/(-4)*-2. Let f(h) = x + 0 - h - 9. Let l be f(-3). Let i(g) = g**3 + 5*g**2 - 5*g - 1. What is i(l)?
-7
Let t(f) be the second derivative of -1/12*f**4 + 2*f**2 - 8*f + 1/3*f**3 + 0. Let o(k) = 2*k + 11. Let h be o(-3). What is t(h)?
-11
Let n(t) = 16*t**2 + 45*t - 20. Let k be (-9)/(-3) - 6*2/(-4). Let l(y) = -4 - k + 9*y**2 + 6 - 6*y**2 + 9*y. Let u(m) = 11*l(m) - 2*n(m). What is u(-6)?
-22
Let b(a) = a**2 - 4. Let v(d) = d**3 + 8*d**2 - 32*d + 11. Suppose 2*c = -2*o - 16, -2*c - 5*o = -c - 4. Let j be v(c). Give b(j).
-4
Let d(o) = 86*o - 687. Let i be d(8). Let r(g) be the first derivative of -i + 3*g + g**3 + 1/4*g**4 - 2*g**2. What is r(2)?
15
Suppose -15*h - 24 = -99. Let z(u) = -2*u + u**3 + 2*u + 6*u - h - u**2 + 6 - 4*u. Calculate z(-2).
-15
Let q(o) = 14*o + 68. Let n(k) = 2*k**3 - 47*k**2 + 14*k + 202. Let r be n(23). Determine q(r).
-2
Suppose 7*m - 152 + 33 = 0. Suppose 3*r = -2*d + 19, -d - 2*r + m = 2*r. Suppose d*b + 2*u = 3*u + 2, 8 = -3*b - 4*u. Let j(x) = -x**3 - x**2 - 7. Give j(b).
-7
Let b(v) = -21*v + 5. Let f(h) = -2. Let i(k) = -k**3 - 36*k**2 + 35*k - 73. Let w be i(-37). Let c(u) = w*b(u) + 2*f(u). Calculate c(-1).
22
Let t = 24 - 21. Let v(b) = 12*b - 1255*b**3 - 2*b - 10*b**2 + 1256*b**t - 11. Determine v(9).
-2
Let p(r) = -5*r**3 + 45*r**2 + 188*r + 110. Let m(b) = b**3 - 9*b**2 - 36*b - 22. Let s(t) = 11*m(t) + 2*p(t). Calculate s(11).
0
Let x be (-1 - -4)*12/9. Suppose -t = -2*o, 0 = x*o - 3*t + 2*t. Suppose 3*z + 3*h - 6 = o, z = -3*z - 2*h - 2. Let c(f) = f**2 + 5*f + 2. Give c(z).
-4
Let a = -33277 + 33276. Let x(m) = -94*m**2 - 3*m - 3. Determine x(a).
-94
Let t = 13213 - 13217. Let z(o) = -o**3 - 6*o**2 - 11*o - 8. Determine z(t).
4
Let o(x) = -x**2 - 7*x + 4. Let a be o(-7). Let u(s) = 126*s**2 + s**3 + 6*s - 4 + 38*s**2 - 168*s**2. Give u(a).
20
Let k(c) = 528*c + 551. Let p(g) = 592*g + 551. Let f(r) = -9*k(r) + 8*p(r). Give f(-35).
9
Let a = 1798 + -1802. Let r(s) = -2*s**2 + 4*s + 2. Determine r(a).
-46
Let a(s) = s**3 + 8*s**2 + 12*s + 2. Let h be a(-6). Suppose -4*t = h*y - 34, 25 = 6*t - t - y. Let i(k) = -78*k**2 - 2 - 2 - t*k + 79*k**2. Determine i(6).
-4
Let x(h) = h**3 + 9*h**2 + 3*h + 6. Let q be x(-6). Suppose 65 = 2*v + 3*f, 4*f - q = -3*v - 0*f. Let d(j) = v - 7 - 13 - 6 + 10*j. Give d(2).
22
Let n(v) = -4*v**2 + 6*v. Let y(g) = 7*g**2 - 10*g - 2. Let z(c) = 5*n(c) + 3*y(c). Give z(0).
-6
Let i(m) be the third derivative of -m**6/120 - 11*m**5/60 - 13*m**4/12 + 7*m**3/3 - 2670*m**2. What is i(-6)?
-10
Let a(n) = 3*n - 44. Let q be a(17). Let j be -1*(-1 + -2 + q). Let u(o) = -o + 6. Give u(j).
10
Let o = 8 - 10. Let b(z) = -z**3 + 9*z**2 - 6*z - 10. Let d be b(8). Let v(j) = -10 - 2*j**2 + 8 + 3*j**3 + j + d*j**2. Give v(o).
-12
Suppose -5 = -w, 4*c = 2*c + 4*w - 16. Let q be c/(-12) + (-85)/30 - -5. Suppose s - q*s = 0. Let f(r) = r**2 + r - 8. Give f(s).
-8
Let d(l) = -11*l - 8. Let u(s) = -s - 13. Let h be u(-8). Let a(k) = 9*k + 7. Let v(f) = h*d(f) - 6*a(f). What is v(-4)?
-6
Let l(y) = -11*y - 44. Let v(u) = -19*u - 87. Let b(w) = -7*l(w) + 4*v(w). Give b(22).
-18
Let w(p) be the first derivative of p**3/3 + 13*p**2/2 + 11*p - 936. Calculate w(-15).
41
Let i(d) be the second derivative of -d**5/120 - d**4/6 + 7*d**3/6 - 100*d. Let o(b) be the second derivative of i(b). Calculate o(5).
-9
Let r(g) be the second derivative of g**6/720 - g**5/30 + 65*g**4/12 + 2*g - 16. Let p(q) be the third derivative of r(q). Determine p(3).
-1
Let l(y) be the first derivative of y - 1/2*y**2 + y**3 + 185 + 1/4*y**4. What is l(-4)?
-11
Let q(i) = -20*i**3 - i**2 - 14*i + 14*i - 7*i + 21*i**3 - 12. What is q(-3)?
-27
Let w be 807/((-15)/6 - -1). Let t = w + 533. Let q(a) = -2*a + 3. Give q(t).
13
Let h(b) = -b + 4. Let o(s) = 1. Let g = 4 + -1. Suppose -7*c + g*c - 8 = 0. Let m(d) = c*o(d) - h(d). Determine m(-9).
-15
Let w(p) = 17*p + 526. Let t(v) = 35*v + 1045. Let x(j) = -2*t(j) + 5*w(j). Determine x(-36).
0
Let b = 6333 - 6328. Let n(m) = 5*m + 22. What is n(b)?
47
Let w(f) = -3*f - 23. Let y(h) = -20*h - 195. Let b(q) = -7*w(q) + y(q). Give b(12).
-22
Let q(b) = 2620 - 9*b + 2*b - 2*b - 1285 - 1303. What is q(14)?
-94
Let i(l) = 93*l + 13 - 1 + l**2 + 2 - 85*l. Suppose 5*p + 5 = 0, -o - 3*p + 8 = 17. What is i(o)?
2
Let q(t) = -7*t**2 + 9*t + 35. Let a(v) = -22*v**2 + 28*v + 112. Let c(y) = 6*a(y) - 19*q(y). Calculate c(8).
47
Let o(w) = -w**3 - 7*w**2 - 8*w - 10. Let g(h) = -5*h**2 + 367*h - 510. Let j be g(72). Determine o(j).
2
Let x(s) = 17*s + 114. Suppose 11 = -o + 4*q - 6*q, 4*o + 3*q + 34 = 0. Calculate x(o).
-5
Let l(d) = -d - 1. Let v(a) be the first derivative of -3*a**2/2 - 3*a + 6. Let t be (13 + -4)*(-2)/3. Let w(j) = t*v(j) + 17*l(j). Determine w(-7).
-6
Let u be (18/(-10))/((-1374)/(-2290)). Let i(m) = 17*m. Determine i(u).
-51
Let v(a) = -a**2 - 14*a - 10. Let s(i) = i + 1. Let j(u) = 6*s(u) + v(u). Suppose -3*b = -3*z - 39, -15 = -5*z - 5*b - 30. Give j(z).
-4
Let n(l) = -3*l**2 - 21*l + 54. Suppose x - 5*x = 6*c + 38, 16 = 4*x. Determine n(c).
0
Suppose 3*m = -0*m + 3. Suppose -m = -a - 0. Let v(o) = 594366*o - 9*o**2 - 1 - 594366*o. Give v(a).
-10
Let n(f) = 63*f + 132. Suppose 144 - 169 = -5*z, 0 = 5*l + 3*z - 5. What is n(l)?
6
Let t = -10 + 10. Let z(d) = -2*d**2 + 2*d + 40. Let y be z(t). Let m = 44 - y. Let h(a) = -a**2 + 4*a + 4. Calculate h(m).
4
Let a be 16/(-10) - (-1)/((-5)/2). Let x be (a/2)/((-6)/1578). Let b(m) = 262*m**3 - m**2 - x*m**3 + 2*m**2. Calculate b(1).
0
Let g be 6/96*0 - (11 - 2). Let b(f) = f**3 + 6*f**2 - 21*f + 10. Calculate b(g).
-44
Let x = 2392 + -2380. Let j(o) = -o**3 + 12*o**2. Give j(x).
0
Let o(c) = -2 - 5*c - 11 + 1 - 2*c - 3. What is o(1)?
-22
Let y(k) = -k**3 - 8*k**2 - 8*k - 10. Let v(m) = -11*m + 2. Let d be v(-2). Let r be (2/10)/((-87)/(-7395)). Let c = r - d. Give y(c).
-3
Let f(w) = -w - 39. Let m be ((-16 + 1)/((-335)/134))/((-21)/35). Give f(m).
-29
Suppose -6*t + 367 = 247. Let p be (-138)/27 + t/180. Let n(a) = -a**2 - 2*a - 3. Determine n(p).
-18
Let j be (-4 + -35)*6/(-18). Let u(y) = y**3 - 12*y**2 - 11*y - 7. Give u(j).
19
Let y(l) = 7 + 2*l + l + 0*l. Let i(c) = c**3 + 12*c**2 - 26*c + 23. Supp